*a - 15377 = 0. What is the tens digit of q?
2
Let u = -3858 + 7330. What is the hundreds digit of u?
4
Suppose 511596 = -14*b + 18*b + 104*b. What is the tens digit of b?
3
Suppose -19*v = -56*v + 789273 + 54882. What is the thousands digit of v?
2
Suppose -a = -2*a + 148. What is the hundreds digit of (3 + 0 - 1)*a?
2
Suppose 0*x - 2*x = j - 50853, -6*j = x - 25410. What is the units digit of x?
8
Suppose 58203 = -495*d + 504*d. What is the units digit of d?
7
Let b(h) = -3*h + 15. Let a be b(4). Suppose a*j + 196 = x, -x - x + 4*j + 384 = 0. Let n = x - 67. What is the tens digit of n?
1
Let z(o) = 46*o**2 + 185. Let n(m) = 16*m**2 + 62. Let j(f) = -17*n(f) + 6*z(f). What is the units digit of j(14)?
0
Suppose 0*i + 4 = i. Suppose -i*a - 3*q + q - 78 = 0, -a = q + 20. Let c = 50 + a. What is the units digit of c?
1
Let x = 456 + -421. Suppose 4*y + 1178 = x*y. What is the tens digit of y?
3
Let p = 4305 + 29452. What is the tens digit of p?
5
Suppose -5*m = -5*b + 350970, -68*m + 67*m = -2*b + 140392. What is the thousands digit of b?
0
Suppose -6199 = -6*a + 34541. What is the thousands digit of a?
6
What is the hundreds digit of (-350)/420 - (-196954)/12?
4
Let t(x) = -2*x + 1. Let c be t(7). Let m = 32 + c. Let h = m + 13. What is the tens digit of h?
3
Let i = 409 - -71. Suppose 2*y = 2*s - i, 0*s - y + 728 = 3*s. What is the hundreds digit of s?
2
Suppose -5*m = -5*g - 9675, -5*m + 7782 + 1843 = 5*g. Let q = -488 + m. What is the units digit of q?
2
Let w(l) = -l**3 + 10*l**2 - 4*l + 6. Let o(v) = v + 4. Let d be o(5). What is the tens digit of w(d)?
5
Let h be 78 + (8 - 5) + 4. Let j = h - 89. What is the hundreds digit of 18/(-7)*(j + -87)?
2
Let d(a) = 1107*a**2 + 112*a - 13. What is the tens digit of d(-2)?
9
Suppose 0 = -2*u - 4*t - 4, -6*u = -5*u + 4*t - 4. Let b(c) = -133*c - 220. What is the units digit of b(u)?
4
Let i = 15758 - -28008. What is the ten thousands digit of i?
4
Let z = 1634 - 5490. Let b = -2718 - z. What is the units digit of b?
8
Let m be 993*3*(-6)/(-18). Suppose a - 473 = -5*t, 0 = -2*a - 5*t + m - 27. What is the hundreds digit of a?
4
Suppose 18*o - 7357350 = 22*o - 279*o. What is the ten thousands digit of o?
2
Suppose 36 - 9 = r. Let g(w) = w**3 - 28*w**2 + 54*w + 42. What is the hundreds digit of g(r)?
7
Let d(n) = n + 19. Let z be d(-15). Suppose 0 = -p - z*p + 585. Suppose -c + p = -27. What is the tens digit of c?
4
Let k be (-7233)/(-12) + 49/(-28) + 1. Let o = k + -142. What is the tens digit of o?
6
Let z be 2/(-3) - 5862/(-18) - 4. Suppose -3*u = 3*b - 933, 4*b = 3*b - 3*u + z. What is the hundreds digit of b?
3
Let s(z) = 876*z**3 + 8*z - 3. Let c(j) = -584*j**3 - 5*j + 2. Let y(k) = 8*c(k) + 5*s(k). What is the tens digit of y(-1)?
9
Let l be 1/(-7) - (-15)/((-1680)/(-464)). Suppose 1128 = -6*k + 7*k - 3*i, -l*k = i - 4473. What is the units digit of k?
9
Suppose 2*n - 5*x = -2*n + 45705, -x = 2*n - 22863. Suppose 9*f + n = 18*f. What is the thousands digit of f?
1
Let s(x) = 2*x**2 + 20*x - 27. Let m be s(-14). What is the units digit of (m/5)/((-3)/(-57))?
3
Suppose d - 29884 = -2*n, -5*n + 74728 = 32*d - 34*d. What is the tens digit of n?
4
Let t = 65 - 198. Let y = -49 - t. What is the units digit of 6/(-12)*y/(-3)?
4
Let l(q) be the second derivative of 0 - 23/2*q**2 + 6*q - 7/3*q**3 + 1/6*q**4. What is the tens digit of l(12)?
9
Let t(k) = 219*k**3 + 124*k**2 - 130*k + 10. What is the ten thousands digit of t(7)?
8
Suppose -11*g + 38 + 50 = 0. Suppose 203 + 21 = g*p. What is the tens digit of (-8)/28 - (-4740)/p?
6
Let r(m) = -91*m + 426. What is the tens digit of r(-27)?
8
Suppose 11*n - 237552 = 25*n. What is the hundreds digit of n/(-18) - -8 - 2/(-6)?
9
Suppose -48*y + 44*y + 388 = 0. Let h = y + -71. Let v(a) = -a**3 + 26*a**2 + 4*a - 52. What is the units digit of v(h)?
2
Suppose 0 = -5*s - o - 9, -6*s - 5*o - 23 = -3*s. What is the units digit of 13944/(-8)*(-2 + (0 - s))?
3
Suppose 22*f - 327 = 19*f. Let c = 322 - f. Suppose c = 8*k - 995. What is the tens digit of k?
5
Let z(b) = 304*b**2 - 129*b + 888. What is the hundreds digit of z(8)?
3
Let t(k) = 24 - 114*k - 9 + 113*k. Let f be t(13). Suppose a + 268 = 3*j, 0 = -f*j - 0*a + 5*a + 170. What is the tens digit of j?
9
Let t be -5 + 4 + (-659 + 1)*-1. Let u = t - 413. What is the hundreds digit of u?
2
Let k = -1412 + 477. Let l = -632 - k. What is the units digit of l?
3
Let w = 1701 - 902. What is the hundreds digit of w?
7
Suppose 4*p = 3*t + 3*p - 609, 4*t - 3*p - 812 = 0. Suppose 330 = -2*g - 4*c, -3*c - t = 5*g + 643. Let d = g + 323. What is the tens digit of d?
5
Let u(j) = -j**2 + 13*j + 17. Let y be u(14). Suppose -12 = -y*n, -g + 7*n = 3*n - 47. What is the hundreds digit of 4/(-18) + 0 + 7511/g?
1
Suppose -3*c = k - 2*k - 3, -5*c = -4*k + 2. Let q = 3343 - 3078. Suppose 2*t - c*p = -t + q, -4 = -p. What is the units digit of t?
1
Let b = 6845 - -69753. What is the units digit of b?
8
Let c = 10392 - 5706. What is the tens digit of c?
8
Let h(c) = 10*c**3 + 3*c**2 + 576*c - 70. What is the tens digit of h(16)?
7
What is the hundreds digit of (5 + -34602)/(((-2)/(-5))/(4/(-10)))?
5
Let s(z) = -128*z - 3503. What is the thousands digit of s(-98)?
9
Let a(f) = -720*f**3 - f**2 - 8*f + 3. What is the hundreds digit of a(-2)?
7
Let k = -233 + 118. Let w be (-4)/14 + k/(-35). Suppose -5 = -w*u + 2*u. What is the units digit of u?
5
Let x(q) be the first derivative of -2*q**2 - 18*q + 3. Let d = -39 + 28. What is the tens digit of x(d)?
2
Let h(w) = 2*w**2 + 2*w - 4. Let j be h(1). Suppose 250*v - 252*v + 1618 = j. What is the units digit of v?
9
Suppose 0 = 3*o + 37 - 7552. Let s = o - 1768. What is the tens digit of s?
3
Let k = 21397 - -284. What is the thousands digit of k?
1
Suppose 2*b = -2*w + 9596, -5*w + 319 - 354 = 0. What is the units digit of b?
5
Let m = 64 - 59. Let j(d) = -3*d**2 + 4*d + 15. Let x be j(m). Let t = -30 - x. What is the units digit of t?
0
What is the thousands digit of (-6)/(-20) + (1 - ((-489274)/20 + -1))?
4
Suppose 179039 = 5*j + 212*w - 209*w, 0 = 2*j + w - 71615. What is the tens digit of j?
0
Let q(l) = 9*l**2 + 73*l - 907. What is the thousands digit of q(26)?
7
Let i be (-36)/(-21) + (-8)/(-28). Suppose d + 20 = 6*d. Suppose g - 53 - 19 = -2*q, -d = -i*g. What is the units digit of q?
5
Let n(u) = u**2 - u + 15. Suppose 2*t - 60 = -t - 3*g, -3*t + 85 = -2*g. Let i be n(t). Suppose 68*v = 63*v + i. What is the hundreds digit of v?
1
Let t(o) = -4655*o**3 - 5*o**2 - 3*o + 3. What is the hundreds digit of t(-1)?
6
Let p = -11 - -7. Let k be 4/p*-2 + 1. Suppose 0 = k*o + 5*v - 202, 3*o = o - 2*v + 128. What is the tens digit of o?
5
Let y = -4470 - -9271. What is the units digit of y?
1
Let r = -27961 + 56044. What is the tens digit of r?
8
Let f be (3 - 93/33) + 168/44. Suppose -42 = -5*z - f*a + 243, -2*a + 57 = z. Let v = -3 + z. What is the tens digit of v?
5
What is the thousands digit of -2 + (-6 - 2415232/(-48)) + 8/(-6)?
0
Let x = -2592 - -7697. What is the hundreds digit of x?
1
Suppose 1 - 3 = -2*t, 3*q - 5*t - 202 = 0. Let g = -1500 - -1584. Let p = g - q. What is the tens digit of p?
1
Suppose 6*j = 5*s + 8*j - 50, s - j - 3 = 0. What is the units digit of 52/(-6)*(-4 - (s - -6))?
6
Suppose 10 = 2*g + 3*v - 0*v, 2*v = 4*g - 4. Suppose g*k - 12 = -2*d - d, -d + 4 = -k. Suppose 0 = -5*q + d*q + 210. What is the hundreds digit of q?
2
Suppose -18*n + 4263 + 165 = 0. What is the hundreds digit of n?
2
Suppose -6*g = 4*y - 449508, 4*g - 198640 - 100972 = 4*y. What is the ten thousands digit of g?
7
Let k be (-13 + 1)*(-1)/3. Suppose -2*c + 185 = 3*t, -10*c + k*t = -8*c - 206. What is the tens digit of c?
9
Let b = 23 - 27. Let t be (-170)/b + 1/2. Suppose -2*h + 3*h = t. What is the units digit of h?
3
Let j(y) = 12*y - 5 - 6*y - 7*y. Let u be j(-9). Suppose u*g = 2*v + 904, -v = -g - 3*v + 216. What is the units digit of g?
4
What is the hundreds digit of 5 + (-8 + -4 - -6) + 4 + 2112?
1
Let h = 18161 - -8596. What is the units digit of h?
7
Let b = 362 + -339. Let d = 155 + b. What is the units digit of d?
8
Suppose 19*b - 47200 = 14*b + 5*p, -2*b + 3*p = -18879. What is the units digit of b?
1
Suppose 7*v - 12970 = 4*v - 5*w, 5*v - 4*w - 21555 = 0. What is the hundreds digit